Let x(g) = -50*g + 849. Calculate x(15).
99
Let l(g) = g**2 - 119105*g + 833747. Calculate l(7).
61
Let v(l) = 1455*l - 2633. Give v(3).
1732
Let u(c) = c**3 - 16*c**2 + 21*c + 2. Calculate u(16).
338
Let u(h) = 35*h**2 + 469*h + 1063. Give u(-7).
-505
Let g(m) = 3281*m - 423250. Determine g(129).
-1
Let r(y) = -4*y**2 - 80*y + 444. Calculate r(10).
-756
Let n(o) = -o**2 - 497*o - 6768. Determine n(-14).
-6
Let p(k) = -245*k**2 - 18859*k + 53. Give p(-77).
-409
Let t(l) = -94624*l - 1135483. Give t(-12).
5
Let g(u) = 117*u + 8002. Determine g(-77).
-1007
Let s(t) = 3268*t - 6549. What is s(2)?
-13
Let g(a) = -46*a - 2078. Determine g(-38).
-330
Let r(b) = -b**3 - 37*b**2 + 78*b - 818. Determine r(-40).
862
Let d(w) = w**3 + 7*w**2 - 28*w + 19. Give d(9).
1063
Let j(z) = -182*z**3 - 1088*z**2 - 10*z - 207. Determine j(-6).
-3
Let m(x) = -x**2 - 6951*x - 200746. What is m(-29)?
-8
Let f(b) = 118*b**2 + 34*b - 133. Determine f(1).
19
Let h(g) = g**2 + 36*g - 1721. Calculate h(-46).
-1261
Let v(g) = -131*g**2 - 2889*g - 7606. Determine v(-19).
-6
Let f(v) = -3*v**2 + 405*v - 9438. What is f(105)?
12
Let s(v) = v**3 - 49*v**2 + 427*v + 499. What is s(13)?
-34
Let i(t) = 141*t + 25672. Give i(-184).
-272
Let n(g) = g**3 + 709*g**2 - 7907*g - 163. What is n(11)?
-20
Let j(o) = -4*o**3 - 358*o**2 - 149*o + 50. Give j(-89).
-2531
Let b(z) = 258*z**3 + 308*z**2 + 307*z - 1. What is b(-1)?
-258
Let u(h) = 89308*h + 357052. Calculate u(-4).
-180
Let k(m) = -80*m**2 + 316*m - 301. Give k(4).
-317
Let b(g) = g**3 + 385*g**2 + 5910*g + 2165. Determine b(-369).
-49
Let a(o) = -641*o - 66476. Give a(-105).
829
Let j(l) = -1471002*l + 11768010. What is j(8)?
-6
Let f(r) = 122*r**2 + 719*r + 1237. What is f(-3)?
178
Let j(w) = -w**2 - 173*w - 5454. Determine j(-44).
222
Let t(q) = 4*q**3 - 393*q**2 + 810*q + 40395. Give t(95).
20
Let c(r) = -35*r**2 + 332*r + 222. Determine c(10).
42
Let v(s) = -3*s**3 - 14*s**2 + 87*s - 695. Calculate v(-12).
1429
Let f(y) = -558*y - 10029. Determine f(-23).
2805
Let c(t) = -6*t**2 + 2212*t - 538. Calculate c(0).
-538
Let i(q) = 9065*q + 4351201. Determine i(-480).
1
Let q(s) = -5*s**2 + 1521*s + 12172. What is q(312)?
4
Let h(n) = 331*n - 3019. Determine h(11).
622
Let s(m) = -20*m**2 - 845*m - 5012. Give s(-9).
973
Let d(l) = -1093*l - 14058. Determine d(-13).
151
Let x(i) = -5*i**2 + 17051*i - 305304. What is x(18)?
-6
Let o(a) = 2*a**2 + 1460*a + 48676. What is o(-35)?
26
Let h(q) = 17*q**2 + 911*q - 2125. Calculate h(-56).
171
Let r(u) = u**3 - 514*u**2 - 2034*u - 19556. Calculate r(518).
128
Let l(g) = -g**3 + 68*g**2 + 285*g + 218. Calculate l(72).
2
Let o(y) = y**3 + 10*y**2 + 4*y + 858. Determine o(-14).
18
Let x(v) = -v**3 - 26*v**2 - 149*v + 231. Determine x(-12).
3
Let x(z) = -3*z**3 - 562*z**2 + 5305*z + 11. What is x(9)?
47
Let s(l) = -26*l**2 - 1621*l - 6050. Calculate s(-4).
18
Let l(w) = -w**3 - 100*w**2 - 1895*w - 23567. Give l(-80).
33
Let n(f) = 2*f**3 - 6*f**2 + 337*f - 3336. Give n(8).
0
Let q(g) = g**2 + 192*g + 1524. Calculate q(-184).
52
Let y(w) = w**3 - 106*w**2 - 589*w - 152. Calculate y(-5).
18
Let g(q) = -q**2 + 562*q - 9377. What is g(17)?
-112
Let r(f) = 983*f - 79594. Calculate r(81).
29
Let r(q) = -50053*q - 600642. Determine r(-12).
-6
Let u(k) = 15*k**3 + 2*k**2 + 440*k + 438. Determine u(-1).
-15
Let f(x) = -5921*x - 379256. Determine f(-64).
-312
Let w(k) = 449*k + 42191. What is w(-94)?
-15
Let n(q) = 2042183*q - 22464012. Determine n(11).
1
Let l(p) = 6*p**2 + 281*p + 1274. Give l(-42).
56
Let j(r) = r**3 - 11*r**2 - 187*r + 1931. Determine j(15).
26
Let f(r) = -23281*r + 46600. Give f(2).
38
Let v(x) = 65927*x + 6328995. Determine v(-96).
3
Let b(n) = 9*n**2 + 325*n - 151. Calculate b(-38).
495
Let k(w) = -w**3 + 15*w**2 + 574*w - 9230. Calculate k(17).
-50
Let r(s) = -158*s**2 - 27017*s + 155. Calculate r(-171).
-16
Let r(p) = -7*p**2 - 1479*p + 1022. Give r(-212).
-38
Let z(m) = -1292*m - 3897. Calculate z(-3).
-21
Let g(b) = -b**3 + 257*b**2 + 222*b - 57077. Determine g(257).
-23
Let v(h) = -2*h**3 + 221*h**2 - 110*h + 1300. Give v(110).
1300
Let z(d) = d**3 - 38*d**2 + 198*d + 1245. Give z(28).
-1051
Let k(t) = 273*t**2 - 8*t + 1. Calculate k(0).
1
Let m(k) = 327*k + 12739. Determine m(-38).
313
Let s(w) = 7*w**3 + 59*w**2 + 113*w - 17. Calculate s(-4).
27
Let s(r) = -2*r**3 - 74*r**2 + 691*r - 48. Calculate s(8).
-280
Let r(p) = -2*p**2 - 995*p + 13209. What is r(13)?
-64
Let j(d) = -d**3 + 111*d**2 - 1184*d + 27138. Calculate j(102).
6
Let t(n) = n**2 + 848*n + 23300. Give t(-28).
340
Let z(l) = 1244*l**2 - 6207*l - 33. Give z(5).
32
Let c(t) = 13*t**3 + 136*t**2 - 292*t + 43. Determine c(2).
107
Let j(i) = i**3 + 34*i**2 - 27*i - 782. What is j(-34)?
136
Let w(m) = -41629*m + 1540287. Determine w(37).
14
Let o(a) = 1001*a + 291490. Determine o(-291).
199
Let j(l) = -l**3 - 62*l**2 - 407*l - 1193. Determine j(-55).
17
Let z(f) = 129367*f - 517765. Determine z(4).
-297
Let a(i) = 51*i + 12601. Give a(-246).
55
Let l(x) = -3*x**3 + 24*x**2 + 39*x - 300. Determine l(7).
120
Let d(n) = -n**2 + 159*n - 567. Determine d(4).
53
Let r(d) = -15824*d + 174066. What is r(11)?
2
Let i(p) = -26389*p - 237600. Give i(-9).
-99
Let x(p) = 9*p**2 - 207*p - 64. What is x(23)?
-64
Let g(l) = 21*l - 2713. Determine g(127).
-46
Let x(k) = 5997*k + 425757. Give x(-71).
-30
Let n(z) = -z**3 - 619*z**2 - 10154*z + 48153. Give n(-602).
-7
Let z(r) = -r**3 + 9*r**2 - 159*r + 510. Give z(4).
-46
Let v(s) = 6358*s - 82584. Calculate v(13).
70
Let m(n) = -n**2 + 1329*n - 220184. What is m(194)?
6
Let o(v) = -119*v**2 + 535*v + 281. Determine o(5).
-19
Let p(a) = 297188*a + 1783125. Determine p(-6).
-3
Let p(u) = 4*u**3 - 79*u**2 + 326*u - 1340. Determine p(16).
36
Let a(i) = 4*i**3 - 409*i**2 + 506*i - 146. Calculate a(101).
-45
Let j(g) = g**3 + 26*g**2 - 112*g - 2486. What is j(-27)?
-191
Let l(p) = -p**3 + 2*p**2 + 146*p - 1208. What is l(9)?
-461
Let h(i) = -9*i**3 - 1466*i**2 + 163*i - 31. What is h(-163)?
-31
Let x(o) = 20*o**2 + 201*o + 793. Determine x(-6).
307
Let c(d) = 23*d**3 + 355*d**2 - 187*d + 281. Determine c(-16).
-55
Let i(g) = -307*g**2 + 57087*g + 2788. What is i(186)?
-2
Let x(u) = -63*u**2 - 9407*u + 37621. Calculate x(4).
-1015
Let x(f) = -7*f**2 - 331*f + 3071. Give x(9).
-475
Let u(i) = -i**2 + 250*i - 3991. Give u(20).
609
Let f(d) = -d**3 - 12*d**2 + 73*d + 909. What is f(-12)?
33
Let p(o) = -2*o**3 - 119*o**2 + 40*o - 1326. Determine p(-60).
-126
Let b(w) = -601*w + 311926. Calculate b(519).
7
Let b(p) = -55769*p - 557693. Give b(-10).
-3
Let i(h) = -24649*h - 98621. Give i(-4).
-25
Let q(m) = m**3 + 37*m**2 - 32*m + 133. Determine q(-38).
-95
Let n(u) = 12*u**3 - 18*u**2 + 55*u - 21. Calculate n(4).
679
Let n(c) = 27*c**2 + 120*c - 1018. What is n(9)?
2249
Let g(t) = 5*t**3 + 824*t**2 - 203*t - 6268. Calculate g(-165).
2
Let q(o) = 2*o**2 - 1665*o - 147978. Calculate q(-81).
9
Let d(p) = -5*p**2 + 294*p - 335. Calculate d(54).
961
Let d(y) = y**2 + 1869*y + 34975. Calculate d(-19).
-175
Let z(y) = -7*y**2 + 221*y - 365. What is z(29)?
157
Let f(h) = -98*h**2 - 162*h - 311. Give f(-2).
-379
Let w(x) = -3*x**2 + 200*x + 497. What is w(43)?
3550
Let f(b) = b**2 - 114*b - 17911. Determine f(-88).
-135
Let j(v) = 40*v**3 + 2248*v**2 + 452*v + 204. Give j(-56).
-20
Let d(j) = 20*j**3 + 13*j**2 - 19*j - 34. Determine d(-3).
-400
Let n(p) = -543*p**2 + 55387*p - 103. What is n(102)?
-1
Let x(u) = -5708*u - 97084. Determine x(-17).
-48
Let f(i) = -41*i - 2535. Give f(-51).
-444
Let s(b) = -12570*b + 6988929. Determine s(556).
9
Let q(b) = -b**3 - 18*b**2 - 912*b - 4231. Give q(-5).
4
Let c(k) = -1469*k - 134969. Calculate c(-92).
179
Let b(s) = -357*s - 22744. What is b(-64)?
104
Let l(j) = -j**3 + 18*j**2 + 841*j - 830. Give l(-22).
28
Let s(m) = 3*m**3 - 62*m**2 + 14*m - 43. What is s(21)?
692
Let p(x) = x**3 + 148*x**2 + 1986*x - 106. Calculate p(-15).
29
Let k(l) = -10*l**2 - 1648*l + 4936. Give k(3).
-98
Let x(s) = -2*s**3 - 10*s**2 + 1293*s + 5. Calculate x(0).
5
Let x(o) = 6*o**2 - 5481*o + 32663. What is x(6)?
-7
Let z(a) = 422885*a - 3805963. Give z(9).
2
Let t(c) = -2790*c + 69717. What is t(25)?
-33
Let o(n) = 1818*n + 9060. What is o(-5)?
-30
Let v(x) = -x**3 - 12*x**2 + 51